- 57*m - 353. Determine k(24).
7
Let s(t) = -t**2 - 57*t - 53. Determine s(-57).
-53
Let n(x) = -22*x**2 - 41*x + 2. Calculate n(-2).
-4
Let f(r) = -r**3 + 9*r**2 - 17*r + 16. Calculate f(5).
31
Let l(x) = 61*x - 731. Determine l(19).
428
Let y(u) = 2*u**3 + 28*u**2 + 43*u + 216. What is y(-13)?
-5
Let d(m) = 35*m + 305. Give d(-7).
60
Let x(u) = 230*u + 12. Determine x(2).
472
Let r(m) = m**3 + 44*m**2 + 10*m + 450. Give r(-44).
10
Let z(j) = -12*j + 151. Give z(-11).
283
Let b(c) = -41*c - 1216. Give b(-30).
14
Let s(q) = q**3 - 215*q**2 + 187*q + 5786. What is s(214)?
8
Let a(g) = g**3 - 82*g**2 + 1336*g + 1238. Calculate a(59).
-1
Let g(z) = 37*z**3 - 595*z**2 + 47*z + 26. Determine g(16).
10
Let k(y) = -12*y**2 + 54*y + 468. Give k(9).
-18
Let a(s) = -s - 46. What is a(12)?
-58
Let r(o) = 277*o + 7171. Determine r(-26).
-31
Let n(v) = -5233*v + 26180. Calculate n(5).
15
Let l(u) = -u**2 - 22*u + 446. Give l(-36).
-58
Let k(r) = r**3 + 4*r**2 - 88*r - 406. Give k(-7).
63
Let t(f) = -19*f - 703. Give t(-48).
209
Let q(o) = 7*o**3 - 4*o**2 + 69*o - 66. What is q(1)?
6
Let r(t) = -t**2 + 579*t - 3438. What is r(6)?
0
Let u(h) = -6*h**3 - 877*h - 1761. What is u(-2)?
41
Let j(f) = f**2 + 38*f - 16511. Calculate j(111).
28
Let i(b) = -336*b - 11417. Determine i(-34).
7
Let q(o) = -o**2 - 27*o - 164. Calculate q(-15).
16
Let h(d) = d**3 - 47*d**2 - 160*d + 525. Give h(50).
25
Let o(i) = -225*i + 1138. Determine o(5).
13
Let m(d) = 22*d**3 - 34*d**2 - 27*d + 8. Calculate m(-1).
-21
Let m(l) = -l**3 - 9*l**2 - 23*l - 57. Calculate m(-7).
6
Let h(b) = -7*b**3 + 43*b**2 + 177*b - 1103. Determine h(6).
-5
Let b(g) = g**2 - 23*g - 105. Determine b(28).
35
Let a(f) = -16*f**3 - 1010*f**2 - 121*f + 147. Calculate a(-63).
-168
Let o(b) = -b**3 - 337*b**2 - 9762*b - 604. Determine o(-305).
6
Let j(u) = -2*u**2 - 98*u + 712. Calculate j(7).
-72
Let l(m) = -1484*m - 105367. Determine l(-71).
-3
Let z(w) = 2*w**3 - 5*w**2 - 27*w + 1. Determine z(-4).
-99
Let m(t) = 6*t**2 + 139*t + 78. Determine m(-23).
55
Let y(j) = -j**3 - 53*j**2 - 110*j - 397. Calculate y(-51).
11
Let v(j) = -3*j**2 - 14*j + 15. Give v(-6).
-9
Let q(u) = -47*u**2 - 941*u - 6. Give q(-20).
14
Let q(z) = -z**2 + 3*z - 38. Calculate q(10).
-108
Let m(k) = 2*k**2 - 8*k - 227. What is m(13)?
7
Let g(m) = -2*m**2 + 171*m + 2534. Determine g(-13).
-27
Let u(k) = k**3 + 118*k**2 + 114*k - 128. What is u(-117)?
223
Let q(b) = 1426*b + 6981. Determine q(-5).
-149
Let h(z) = -z**3 + 28*z**2 + 79*z + 108. What is h(31)?
-326
Let t(a) = -a**3 - 31*a**2 - 85*a - 829. Give t(-29).
-46
Let c(j) = j**3 + 55*j**2 - 272*j - 144. Calculate c(5).
-4
Let p(c) = 76*c - 468. Calculate p(6).
-12
Let y(r) = -r**3 + 13*r**2 - 8*r - 9. Determine y(13).
-113
Let n(p) = 3*p**3 - 6*p**2 - 86*p - 58. What is n(-4)?
-2
Let n(d) = -265*d**2 - 8*d + 7. Determine n(1).
-266
Let o(w) = -w**2 + 23*w - 84. Give o(16).
28
Let i(j) = j**3 - 73*j**2 - 149*j - 141. What is i(75)?
-66
Let z(i) = -3*i**2 + 2*i - 1. What is z(9)?
-226
Let x(q) = 25*q**2 + 2*q - 6. Determine x(-3).
213
Let u(s) = -18*s**2 - 93*s - 85. Calculate u(-4).
-1
Let s(t) = -2*t**2 + 94*t + 353. Give s(51).
-55
Let q(s) = -47*s**3 + 2*s**2 - 3*s - 2. Give q(2).
-376
Let a(l) = -16*l + 121. Calculate a(-6).
217
Let d(u) = u**3 - 6*u**2 + 2*u + 9. Give d(5).
-6
Let p(c) = -c**3 - 21*c**2 - 99*c - 37. Calculate p(-14).
-23
Let i(h) = -4*h**2 - 669*h + 7085. What is i(10)?
-5
Let d(r) = 2*r**2 + 73*r + 683. Determine d(-17).
20
Let f(q) = 27*q - 95. Give f(3).
-14
Let h(b) = -868*b - 861. Calculate h(-1).
7
Let h(m) = m**3 + 251*m**2 + 1483*m + 3188. Calculate h(-245).
3
Let x(s) = s**2 + 7*s + 39. Give x(-6).
33
Let a(t) = -51*t + 67. Give a(3).
-86
Let b(w) = -w**3 - 29*w**2 + 92*w - 49. What is b(2)?
11
Let l(n) = n**3 + 3*n**2 + n - 883. What is l(0)?
-883
Let q(m) = -m**3 + 9*m**2 + 2*m - 84. Give q(8).
-4
Let w(q) = -2*q**3 + 6*q**2 - 2*q + 26. Calculate w(4).
-14
Let u(h) = h**2 + 135*h - 2411. What is u(16)?
5
Let v(m) = 461*m**2 + 21207*m + 51. What is v(-46)?
5
Let z(q) = q**3 - 42*q**2 - 4*q + 1866. What is z(41)?
21
Let v(n) = 705*n - 711. Determine v(1).
-6
Let p(h) = -72*h - 1298. Calculate p(-18).
-2
Let r(i) = 103*i + 2854. Give r(-28).
-30
Let c(h) = -3*h**2 + 8*h - 14. Calculate c(6).
-74
Let o(i) = -21*i**2 - 279*i - 74. Give o(-13).
4
Let z(w) = -w**2 - 29*w - 239. Give z(-7).
-85
Let z(a) = 2*a + 58. Give z(-20).
18
Let z(w) = -2*w**2 + 10*w + 19. Give z(-4).
-53
Let m(x) = x**3 + 38*x**2 + 10*x + 390. Give m(-38).
10
Let f(h) = 2694*h + 35018. What is f(-13)?
-4
Let u(g) = -1093*g - 3874. Calculate u(-4).
498
Let l(s) = -42*s**3 - 11*s**2 - 6*s - 4. What is l(-1)?
33
Let g(j) = -64*j + 437. What is g(6)?
53
Let v(f) = -f**2 - 16*f - 18. Give v(-14).
10
Let g(z) = -3*z**2 + 212*z - 1345. Give g(7).
-8
Let a(y) = y**3 + 21*y**2 - 25*y - 84. Determine a(-22).
-18
Let c(b) = -9*b**3 + 352*b**2 - 39*b + 91. What is c(39)?
91
Let z(p) = -p**3 + p**2 + 17*p - 33. Determine z(6).
-111
Let m(l) = -2*l**3 + 35*l**2 - 16*l - 40. Give m(17).
-23
Let o(v) = 101*v + 1433. What is o(-14)?
19
Let h(j) = j**3 - 78*j**2 + 501*j - 28. What is h(7)?
0
Let g(k) = k**3 + k**2 - 35*k - 16. Give g(-8).
-184
Let s(k) = -19*k**3 - 75*k**2 + 103*k + 392. Calculate s(-4).
-4
Let v(i) = 2*i**2 - 113*i + 140. What is v(56)?
84
Let n(h) = -2*h**3 + 41*h**2 - 124*h + 97. Give n(17).
12
Let r(w) = 43*w + 2172. Determine r(-56).
-236
Let m(s) = -s**2 - 86*s - 1218. What is m(-68)?
6
Let y(b) = -16*b**2 + 191*b + 413. Give y(14).
-49
Let c(d) = -d**2 + 753*d + 6099. Calculate c(-8).
11
Let p(i) = 1788*i + 8935. Give p(-5).
-5
Let y(m) = 39*m - 241. Give y(7).
32
Let i(f) = f**3 - 24*f**2 + 63*f - 4. Calculate i(21).
-4
Let g(p) = 775*p + 3102. Calculate g(-4).
2
Let c(s) = -2*s + 242. Determine c(23).
196
Let m(q) = -2*q**2 - 109*q + 714. What is m(6)?
-12
Let c(n) = 10*n**3 - 4*n**2 - 5*n + 22. Determine c(3).
241
Let o(d) = -138*d - 1157. Calculate o(-8).
-53
Let m(q) = -2*q**2 + 4*q + 320. Calculate m(14).
-16
Let u(y) = -y**3 - 35*y**2 + 253*y - 276. Determine u(5).
-11
Let q(s) = -s**2 + 75*s - 688. Calculate q(18).
338
Let l(j) = 2106*j + 18985. Determine l(-9).
31
Let g(m) = m**2 + 55*m + 829. Give g(-29).
75
Let w(f) = -f**3 - 25*f**2 - 36*f - 74. Determine w(-23).
-304
Let d(w) = 69*w - 877. Determine d(13).
20
Let i(m) = -8*m**2 + 263*m - 701. What is i(30)?
-11
Let b(u) = -12*u**2 + 62*u - 44. Calculate b(5).
-34
Let b(g) = g**2 + 66*g + 804. What is b(-49)?
-29
Let x(q) = 17*q + 52. Determine x(-12).
-152
Let l(n) = -264*n - 3686. Give l(-14).
10
Let a(s) = 35*s - 469. Give a(14).
21
Let i(p) = -p**3 + 5*p**2 - 14*p + 458. What is i(9)?
8
Let w(o) = -o**2 + 24*o + 511. Calculate w(-15).
-74
Let t(m) = -27*m**2 - 359*m - 103. Determine t(-13).
1
Let x(a) = -12090*a - 12091. Calculate x(-1).
-1
Let q(y) = 91*y - 6650. Determine q(73).
-7
Let g(j) = 5*j**2 - 30*j - 21. What is g(4)?
-61
Let v(c) = -1839*c + 3646. Calculate v(2).
-32
Let t(c) = -c**2 - 8258*c - 41266. Calculate t(-5).
-1
Let q(d) = -d**2 + 361*d + 1452. What is q(-4)?
-8
Let b(i) = i**2 - 184*i + 8170. Give b(75).
-5
Let r(d) = -d**3 - 32*d**2 + 34*d + 42. Give r(-33).
9
Let w(y) = y**3 - 18*y**2 + 4*y - 42. Calculate w(18).
30
Let s(b) = -82*b - 4095. What is s(-50)?
5
Let l(u) = u**3 + 2*u**2 + 3*u + 21. Give l(-5).
-69
Let a(v) = -2*v**2 - 24*v - 18. What is a(-13)?
-44
Let b(g) = 1147*g + 14966. What is b(-13)?
55
Let h(l) = 2*l**3 + 10*l**2 - 32*l - 19. Determine h(-7).
9
Let w(d) = -4*d**2 + 115*d + 524. Calculate w(-4).
0
Let g(x) = -x**2 - 86*x - 1678. Give g(-41).
167
Let m(b) = 5*b**2 - 59*b - 388. Determine m(-6).
146
Let w(s) = -s**3 + s**2 + 50*s - 20. Determine w(-7).
22
Let b(w) = 1826*w + 9126. What is b(-5)?
-4
Let r(g) = -101*g - 296. Give r(-3).
7
Let q(k) = 79*k**3 - 4*k**2 + 2*k + 2. Determine q(1).
79
Let j(l) = -l**3 + 117*l**2 - 1531*l + 114. Calculate j(102).
12
Let z(p) = 600*p + 546. Determine z(-1).
-54
Let p(v) = -2*v**3 - 88*v**2 - 675*v + 37. Determine p(-10).
-13
Let m(w) = -71*w**2 + 572*w - 24. What is m(8)?
8
Let a(t) = -14*t**2 + 86*t + 17. Determine a(6).
29
Let i(d) = -d**3 - 257*d**2 - 4305*d - 713. What is i(-239)?
4
Let k(r) = -4*r**3 - 223*r**2 + 288*r + 